d b?
20
Suppose 4*l + 4*t - 2032 = 0, 3*l + t = -0*t + 1528. What is the highest common factor of 10 and l?
10
Let n be (0 + -10)*(-4)/10. Suppose -5*s = 3*h - 63, h = s + 11 + 2. What is the highest common factor of n and h?
4
Let a(x) = 4*x**2 + 2*x + 2. Let w be (-57)/15 + 3/(-15). Let i be a(w). Calculate the highest common divisor of i and 87.
29
Let m(w) = -3*w - 10. Let r be m(-4). Suppose r*u - 23 = 3*k, 0 = 5*u + k - 5*k - 40. Calculate the greatest common factor of 1 and u.
1
Let n(f) = -5*f**2 + 48*f + 11. Let a be n(6). Calculate the highest common divisor of 85 and a.
17
Let m = 108 + 180. Calculate the greatest common factor of 64 and m.
32
Let a = 36 - -140. Suppose -5*b - 46 - 2054 = 0. Let i be (-2)/13 - b/26. What is the greatest common divisor of a and i?
16
Suppose 2*w - 6*w + 110 = g, -5*g + 145 = 5*w. Let c be 3*-1 + 2 - -22. Let n = -12 + c. Calculate the greatest common factor of w and n.
9
Let r(b) = 20*b**2. Suppose 2*w + 0*g - 4*g + 10 = 0, 5 = 5*w + 5*g. Let d be r(w). Suppose 3*a = d + 4. Calculate the greatest common divisor of a and 16.
8
Let z(w) = 21*w - 117. Let l be z(9). Calculate the greatest common factor of 24 and l.
24
Let m = -33 + 105. Calculate the highest common divisor of m and 48.
24
Let j(y) = y**3 - 10*y**2 - 14. Let u be j(11). Suppose 5*x = -4*d + u, 33 = 2*x - x - 5*d. Let s = 225 + -133. What is the highest common factor of s and x?
23
Suppose 2*f + 38 = 4*q, q + f - 5 = -0. What is the highest common factor of q and 72?
8
Suppose -3*j + 5*d + 641 = 0, 4*j - 1034 = -d - 141. Calculate the greatest common factor of 24 and j.
6
Suppose -15*b - 3*w - 819 = -20*b, -5*b - w = -827. Calculate the highest common factor of 220 and b.
55
Let v = 199 + -163. Calculate the greatest common divisor of 48 and v.
12
Let m(f) = -9*f + 8. Let s(l) = -18*l + 15. Let i(a) = 7*m(a) - 4*s(a). Let y be i(4). Calculate the highest common factor of y and 352.
32
Let v(y) = -y**3 - 5*y**2 + 6*y + 9. Let b be v(-8). Suppose -3*s + b = 48. What is the greatest common divisor of 14 and s?
7
Let s(w) = w + 16. Let r be s(-15). Let f(b) = 870*b**2. Let u be f(r). Let m be 2/(-3) + u/9. Calculate the greatest common factor of 12 and m.
12
Let b = -43 - -307. Let z(x) = 4*x - 20. Let u be z(11). What is the greatest common factor of b and u?
24
Suppose 2*c + 0*x = -2*x + 44, 4*c = -2*x + 88. Let y be 12/(1800/4965) + (-1)/10. What is the greatest common factor of y and c?
11
Let f be (-28)/(-1 + (-4)/(-12)). Let p = -12 - -7. Let t be 1/((p/(-6))/5). Calculate the greatest common factor of f and t.
6
Suppose 88 = 4*o + 2*s + 26, -18 = -o - 3*s. What is the highest common factor of o and 105?
15
Suppose 9*i - 590 = 814. What is the greatest common divisor of i and 24?
12
Let x = 640 - 289. Calculate the highest common divisor of 81 and x.
27
Suppose 30 - 174 = -6*l. Let m = l - 22. What is the highest common factor of m and 8?
2
Suppose -6*l = 92 - 128. Calculate the greatest common divisor of 366 and l.
6
Suppose -5*f = -d + 48, -5*d + 350 = 2*f + 29. Suppose 4*y = 2*o + 2*o + 72, 5*y - d = -4*o. Calculate the greatest common divisor of y and 6.
3
Let b be 2*((3 - 2) + 0). Let o = 7 - -1. What is the greatest common factor of o and b?
2
Let r be (3 - -209) + 0*8/(-48). What is the greatest common divisor of 159 and r?
53
Let w = 79 + -51. Suppose -5*q + 82 = -w. Suppose r - 5*r + 5*f = -225, -4*r + 217 = 3*f. What is the highest common divisor of q and r?
11
Suppose 0 = -35*a + 40*a. Suppose 2*v - 5*v + 33 = a. Let h = -10 + 11. What is the highest common factor of v and h?
1
Let q(o) = 2*o**2 + o + 1. Let n be q(3). Suppose m + 63 = n*m. What is the greatest common factor of 39 and m?
3
Suppose -18*h = -30*h + 10980. Calculate the highest common divisor of h and 30.
15
Let s be ((-19 + 3)/(-4))/2. Suppose -2*u - s*l = -154, 4*u - 4*l - 243 = 97. Suppose -4*o + 7*o = u. What is the highest common factor of 3 and o?
3
Let r be (-21119)/(-63) + 2/(-9). Let u = 659 - r. Suppose u = -3*i + 6*i. Calculate the greatest common factor of i and 12.
12
Suppose -4*r + 40 = 4*g, 3*g + 36 = 2*r + r. Calculate the highest common divisor of 319 and r.
11
Let r be 1/(-3)*-14*987/94. What is the greatest common factor of r and 14?
7
Suppose -g + 24 = 3*g. Suppose 3*f - 55 = -5*k, g*f = -4*k + f + 31. What is the greatest common divisor of k and 35?
7
Let n be (-72)/(-16) + (-1)/2. Suppose 61 - 4 = 4*y + q, 2*q - 58 = -n*y. Let c be ((-84)/2)/((-21)/y). What is the greatest common divisor of c and 252?
28
Let k be 22/264 - 1294/(-24). Calculate the highest common divisor of k and 4.
2
Let h = -336 + 365. What is the greatest common divisor of 667 and h?
29
Let m be 969/15 + 4/10. Suppose 5*y + 25 + 45 = 5*z, -5*y - 5 = 0. Calculate the highest common divisor of z and m.
13
Suppose 2*k - 7*k = -160. Let b = -3398 + 3438. Calculate the greatest common divisor of k and b.
8
Suppose -599 = -5*d + p, 0 = 5*d - 8*p + 4*p - 596. Calculate the greatest common factor of 384 and d.
24
Let g = -11 - -18. Let t = g - 5. Calculate the highest common factor of 5 and t.
1
Suppose w = 1 + 832. Calculate the highest common factor of 17 and w.
17
Let b = -9 + 17. Let h be b*(-1)/((-5)/50). Suppose 8*i + h = 10*i. Calculate the highest common divisor of i and 8.
8
Let p be (30/135)/((-1)/(-9)). Let x be (1/p)/((-1)/(-6)). Calculate the highest common factor of x and 2.
1
Let d = 312 + -276. Calculate the greatest common factor of d and 126.
18
Let d(s) = s**3 - 11*s**2 - 58*s - 6. Let i be d(15). Calculate the highest common factor of 372 and i.
12
Suppose 0 = 4*q + 4*d - 16, 6*d + 24 = 3*q + 3*d. Suppose -w = -q*w + 75. Suppose 0 = 2*h - 11 + 1. Calculate the highest common divisor of h and w.
5
Let t = -223 + 608. What is the greatest common divisor of t and 110?
55
Let d(y) = -y**2 - 4*y + 3. Let u be d(-3). Let h(o) = 2*o**2 - 10*o + 12. Let l be h(u). Calculate the highest common factor of 16 and l.
8
Suppose 13*k = 11*k + 2. Suppose 21 - k = 4*g. Suppose 0 = 4*v - 85 + g. What is the greatest common divisor of v and 30?
10
Let x = 1 + 0. Suppose w + x = 2*w. Let p(d) = d - 22. Let f be p(30). Calculate the greatest common divisor of f and w.
1
Suppose 5*z - 19 = 1. Suppose -j = -0*j - 5. Suppose 4*i = 4*g - 160, 0 = j*g + 3*i + 2*i - 160. Calculate the highest common divisor of z and g.
4
Let d be -2*(-65)/3*(-27)/(-18). Let s = d + 60. Calculate the highest common factor of s and 25.
25
Let x(t) = 3*t + 45. Let a be x(18). Calculate the highest common divisor of 88 and a.
11
Let n be 1/9 - 4844/(-63). What is the greatest common divisor of 11 and n?
11
Let f(l) = -l + 9. Let n be f(7). Let j = 2 - -1. Suppose -8 = -j*t + 10. What is the highest common factor of t and n?
2
Let y(f) = -4*f + 34. Let u be y(-9). What is the highest common factor of u and 20?
10
Let b = 230 - 134. What is the highest common divisor of 72 and b?
24
Let h = 10 + 26. Suppose -d - 2*d + h = 0. What is the greatest common factor of d and 24?
12
Suppose -5*w + 180 = -0*w. Suppose 0 = -2*s + 25 - 7. Calculate the highest common divisor of s and w.
9
Let z(t) = t + 12. Let j be z(-12). Let r(a) = a + 56. Let u be r(j). What is the highest common factor of u and 7?
7
Let x(q) = -4*q + 44. Let s be x(-13). Let f be ((-4)/3)/((-1*2)/s). What is the highest common divisor of 32 and f?
32
Suppose -h - 469 = 4*f - 170, -5*h + 281 = -4*f. Let r = 95 + f. What is the greatest common factor of 63 and r?
21
Suppose 3*q = -4*l + q + 22, -3*l - 2*q = -17. What is the highest common divisor of 35 and l?
5
Suppose -48 = -4*r + 128. What is the greatest common divisor of r and 28?
4
Let v = 8 + 6. Let f be 8/(-20)*735/(-21). Calculate the highest common divisor of v and f.
14
Suppose 3*z = -3*a - 6 - 0, 0 = -z + a - 12. Let v be (-2)/z + (1626/42 - -6). Calculate the highest common factor of 30 and v.
15
Let a = -5 + 17. Let r be 2*(a/8 - -1). Calculate the highest common factor of 20 and r.
5
Let o(a) = a**3 + 2*a**2 - 5*a - 3. Let r be 2/2*3*-1. Let j be o(r). Suppose -j*n + 6*n - 39 = 0. Calculate the greatest common divisor of n and 13.
13
Let j(z) = 9*z + 6. Let n be j(-5). Let m = n - -44. Calculate the highest common factor of m and 5.
5
Let v be 3/4*160/60*2. Let y(r) = -4*r + 4. Let